?
False
Is 491 composite?
False
Is 70823 composite?
False
Is 24557 composite?
True
Is 76889 a composite number?
True
Is 67453 prime?
True
Is 20171 a composite number?
True
Is 135887 a prime number?
True
Is 81401 composite?
False
Is 1847 composite?
False
Is 6311 prime?
True
Is 228517 prime?
True
Is 347801 prime?
True
Is 15439 a composite number?
False
Is 15227 prime?
True
Is 23269 composite?
False
Is 6861 a composite number?
True
Is 963223 composite?
False
Is 11659 prime?
False
Is 105899 prime?
True
Is 834059 a prime number?
True
Is 73807 a prime number?
False
Is 199 a prime number?
True
Is 4573 prime?
False
Is 4711 a composite number?
True
Is 23399 prime?
True
Is 51713 a composite number?
False
Is 37 a composite number?
False
Is 2798 prime?
False
Is 70283 composite?
True
Is 34199 composite?
True
Is 1151 a composite number?
False
Is 1547963 a prime number?
False
Is 30029 a prime number?
True
Is 176629 a composite number?
False
Is 103603 a composite number?
True
Is 1861 a composite number?
False
Is 1541 a prime number?
False
Is 4595 a composite number?
True
Is 27397 prime?
True
Is 11359 a composite number?
True
Is 8735 prime?
False
Is 1816501 composite?
True
Is 89458 composite?
True
Is 3761 a prime number?
True
Is 45431 composite?
True
Is 1500041 prime?
True
Is 13837 a composite number?
True
Is 1047719 a prime number?
False
Is 11917 prime?
False
Is 170071 a prime number?
False
Is 501701 prime?
True
Is 33923 a composite number?
False
Is 13667 prime?
False
Is 629767 prime?
True
Is 31063 prime?
True
Is 166147 a composite number?
False
Is 3319 prime?
True
Is 4249 composite?
True
Is 72937 a composite number?
False
Is 897077 a composite number?
False
Is 486713 a composite number?
False
Is 23053 a prime number?
True
Is 631 prime?
True
Is 40961 composite?
False
Is 106531 a prime number?
True
Is 357551 a composite number?
False
Is 39385 a prime number?
False
Is 1720231 a prime number?
True
Is 39323 prime?
True
Is 3371 prime?
True
Is 58937 composite?
False
Is 3907 prime?
True
Is 8191 prime?
True
Is 193555 a composite number?
True
Is 52937 composite?
False
Is 52147 a prime number?
True
Is 4109 prime?
False
Is 3593 a composite number?
False
Is 1171 a prime number?
True
Is 710531 a composite number?
False
Is 93614 composite?
True
Is 168022 a composite number?
True
Is 533909 a prime number?
True
Is 116209 a prime number?
False
Is 144271 prime?
True
Is 197677 a composite number?
False
Is 621503 a composite number?
True
Is 9917 a composite number?
True
Is 276623 a composite number?
False
Is 107441 prime?
True
Is 701 composite?
False
Is 20431 a composite number?
False
Is 29477 a composite number?
True
Is 1709 a composite number?
False
Is 18947 composite?
False
Is 613 composite?
False
Is 391501 a prime number?
False
Is 8513 a prime number?
True
Is 599969 a prime number?
False
Is 40613 prime?
False
Is 2951159 a composite number?
False
Is 3358419 prime?
False
Is 20441 a prime number?
True
Is 57671 composite?
True
Is 70285 composite?
True
Is 1556189 composite?
False
Is 4742 prime?
False
Is 43691 a prime number?
True
Is 47569 prime?
True
Is 88957 a prime number?
False
Is 26903 composite?
False
Is 1548381 composite?
True
Is 85691 a composite number?
False
Is 935357 composite?
True
Is 4049 prime?
True
Is 3259897 a prime number?
False
Is 43363 a composite number?
True
Is 17783 prime?
True
Is 110021 prime?
False
Is 319159 composite?
False
Is 4045 a prime number?
False
Is 220721 prime?
True
Is 1117 a composite number?
False
Is 1881377 a composite number?
True
Is 273131 a composite number?
False
Is 65787 prime?
False
Is 460671 a composite number?
True
Is 23149 prime?
False
Is 1459 a prime number?
True
Is 25383 composite?
True
Is 19853 composite?
False
Is 4803 prime?
False
Is 54305 composite?
True
Is 21377 composite?
False
Is 1655 a prime number?
False
Is 117563 prime?
True
Is 80741 composite?
True
Is 376214 a composite number?
True
Is 64399 a composite number?
False
Is 501 composite?
True
Is 450605 prime?
False
Is 6443 a prime number?
False
Is 3719 a composite number?
False
Is 347219 prime?
False
Is 113413 composite?
True
Is 84097 composite?
True
Is 7349 a prime number?
True
Is 9427 a composite number?
True
Is 2837 a prime number?
True
Is 4529 prime?
False
Is 189481 a prime number?
False
Is 17341 prime?
True
Is 40249 prime?
False
Is 460139 a prime number?
False
Is 40873 prime?
False
Is 27449 composite?
False
Is 54563 a composite number?
False
Is 48947 prime?
True
Is 17035 a prime number?
False
Is 7651 composite?
True
Is 6271 a prime number?
True
Is 64919 prime?
True
Is 60251 composite?
False
Is 254377 composite?
False
Is 3109 a prime number?
True
Is 603527 prime?
False
Is 2495 composite?
True
Is 42493 prime?
False
Is 5791 prime?
True
Is 25177 composite?
True
Is 208739 prime?
True
Is 25561 a composite number?
False
Is 5917 composite?
True
Is 371167 a composite number?
True
Is 1439 a composite number?
False
Is 1808071 prime?
True
Is 19373 composite?
False
Is 174649 prime?
True
Is 116407 composite?
True
Is 77291 composite?
False
Is 1874599 a prime number?
True
Is 503 a composite number?
False
Is 126833 a prime number?
False
Is 63883 prime?
False
Is 92605 composite?
True
Is 6197 a composite number?
False
Is 4583 a composite number?
False
Is 976033 prime?
True
Is 89729 composite?
True
Is 4820369 a prime number?
True
Is 30757 a composite number?
False
Is 206749 composite?
False
Is 20621 composite?
True
Is 10666 a prime number?
False
Is 39322 a prime number?
False
Is 277721 a prime number?
False
Is 207895 prime?
False
Is 55101 composite?
True
Is 79259 a composite number?
False
Is 17881 a prime number?
True
Is 4395307 composite?
True
Is 65242 prime?
False
Is 278011 prime?
False
Is 67583 composite?
True
Is 5347 prime?
True
Is 15419 prime?
False
Is 32493 composite?
True
Is 1459 prime?
True
Is 502277 a composite number?
False
Is 18637 prime?
True
Is 19949 a composite number?
False
Is 181967 a prime number?
True
Is 203381 a prime number?
True
Is 12689 composite?
False
Is 9897 a composite number?
True
Is 33011 a prime number?
False
Is 113093 composite?
False
Is 1007 a prime number?
False
Is 613201 prime?
False
Is 923687 prime?
True
Is 73277 a composite number?
False
Is 493433 a composite number?
False
Is 540439 composite?
True
Is 7711 a prime number?
False
Is 711289 prime?
False
Is 7867 a prime number?
True
Is 764447 a composite number?
False
Is 46007 a prime number?
False
Is 3683 a prime number?
False
Is 46853 a prime number?
True
Is 114439 prime?
False
Is 25501 a composite number?
True
Is 1106135 a prime number?
False
Is 4729 a prime number?
True
Is 54409 a composite number?
False
Is 249797 prime?
True
Is 27361 composite?
False
Is 6946279 a composite number?
False
Is 66193 prime?
False
Is 4751 prime?
True
Is 331087 a prime number?
False
Is 55973 a prime number?
False
Is 1169 composite?
True
Is 9967 prime?
True
Is 109234 a prime number?
False
Is 210317 composite?
False
Is 22711 prime?
False
Is 8101 a composite number?
False
Is 1291501 prime?
True
Is 10007 a composite number?
False
Is 2153 prime?
True
Is 6403 prime?
False
Is 64309 composite?
True
Is 1259 composite?
False
Is 717693 composite?
True
Is 9133 a prime number?
True
Is 65737 composite?
True
Is 15307 a composite number?
False
Is 76409 composite?
True
Is 6405457 composite?
False
Is 3163 composite?
False
Is 31085 composite?
True
Is 6239 prime?
False
Is 164267 a composite number?
False
Is 419 prime?
True
Is 48217 a composite number?
True
Is 8329 composite?
False
Is 237113 a composite number?
True
Is 62383 a prime number?
True
Is 34217 a prime number?
True
Is 23411 a prime number?
False
Is 118033 a composite number?
False
Is 131617 a composite number?
False
Is 26627 a prime number?
True
Is 7817 a composite number?
False
Is 13159 composite?
False
Is 16945 prime?
False
Is 38149 a prime number?
True
Is 41009 composite?
True
Is 22577 composite?
True
Is 97301 a prime number?
True
Is 249 prime?
False
Is 32699 composite?
True
Is 432151 a composite number?
True
Is 237979 a prime number?
False
Is 12037 prime?
True
Is 140339 a composite number?
False
Is 2203 prime?
True
Is 216415 a composite number?
True
Is 50821 prime?
True
Is 141937 a prime number?
True
Is 21647 prime?
True
Is 83339 composite?
False
Is 6803 a composite number?
False
I